{"id":8,"date":"2022-11-23T20:37:41","date_gmt":"2022-11-23T20:37:41","guid":{"rendered":"https:\/\/jovenesinvestigadores.org\/?page_id=4"},"modified":"2025-05-20T12:20:35","modified_gmt":"2025-05-20T17:20:35","slug":"home","status":"publish","type":"page","link":"https:\/\/jovenesinvestigadores.org\/","title":{"rendered":"Presentaci\u00f3n"},"content":{"rendered":"\n<h1 class=\"wp-block-heading\">Presentaci\u00f3n<\/h1>\n\n\n\n<p class=\"has-text-align-justify\">Es un honor presentarles el <strong>Programa de J\u00f3venes Investigadores<\/strong>, una iniciativa impulsada por acad\u00e9micos del grupo de investigaci\u00f3n <a href=\"https:\/\/usil.edu.pe\/investigacion\/nosotros\/grupos-investigacion\/facultad-comunicacion\" target=\"_blank\" rel=\"noreferrer noopener\"><strong>Comunicaci\u00f3n, Cultura y Sociedad Digital<\/strong><\/a>. Este programa tiene como objetivo primordial fomentar el desarrollo integral de competencias investigativas en estudiantes de educaci\u00f3n superior, generando un espacio de colaboraci\u00f3n donde los j\u00f3venes talentos puedan formarse y aportar activamente al conocimiento cient\u00edfico. Mediante proyectos conjuntos y redes de trabajo interdisciplinario, promovemos una cultura de creaci\u00f3n de conocimiento con alto valor cient\u00edfico, social y cultural, convencidos de que estos aportes fortalecen nuestras comunidades y nos acercan a un futuro m\u00e1s consciente y equitativo.<\/p>\n\n\n\n<p>Nuestra propuesta es un esfuerzo continuo y abierto, que recibe colaboraciones y participaciones de forma permanente. Invitamos con entusiasmo a todas aquellas personas que comparten estos principios a sumarse a este proyecto y contribuir con sus conocimientos, experiencias y perspectivas. Cada colaboraci\u00f3n ampl\u00eda nuestras posibilidades y reafirma nuestro compromiso con la construcci\u00f3n de una sociedad fundamentada en el conocimiento y la innovaci\u00f3n.<\/p>\n\n\n\n<p>Estamos convencidos de que, trabajando juntos, podemos inspirar a una nueva generaci\u00f3n de investigadores comprometidos, cuyo trabajo ser\u00e1 esencial para enfrentar los desaf\u00edos globales de nuestro tiempo. Nos encantar\u00eda que conozcan m\u00e1s sobre esta iniciativa, participen en ella, y sean parte activa de esta red de conocimiento que crece d\u00eda a d\u00eda con cada contribuci\u00f3n.<\/p>\n\n\n\n<p>Agradecemos de antemano su inter\u00e9s y compromiso.<br><br>Les ofrecemos nuestras principales secciones.<\/p>\n\n\n\n<ul class=\"wp-block-list\">\n<li><em><a href=\"https:\/\/jovenesinvestigadores.org\/index.php\/community\/semillero-de-ideas\/\"><strong>Semillero de ideas<\/strong><\/a><\/em>. Corresponde a un espacio de propuestas de investigaci\u00f3n, publicadas con el prop\u00f3sito de ser perfeccionadas o compartidas dentro de los equipos de trabajo para posterior realizaci\u00f3n. Su publicaci\u00f3n puede ser abierta para toda la comunidad o privada para los miembros de los equipos. <\/li>\n<\/ul>\n\n\n\n<ul class=\"wp-block-list\">\n<li><em><strong><a href=\"https:\/\/jovenesinvestigadores.org\/index.php\/category\/posters-y-productos-de-investigacion\/\" target=\"_blank\" rel=\"noreferrer noopener\">P\u00f3sters y productos de investigaci\u00f3n<\/a><\/strong><\/em>. Corresponde a res\u00famenes ilustrados de proyectos de investigaci\u00f3n y publicaciones de uso libre, los cuales pueden ser representados y expuestos de forma concisa. <br> <\/li>\n\n\n\n<li><em><strong><a href=\"https:\/\/jovenesinvestigadores.org\/index.php\/category\/talleres\/\" target=\"_blank\" rel=\"noreferrer noopener\">Talleres<\/a><\/strong><\/em>. Representa los saberes que el Equipo Gestor y el Comit\u00e9 Consultivo ofrece para los investigadores en formaci\u00f3n dentro y fuera de los equipos. <br> <\/li>\n\n\n\n<li><em><strong><a href=\"https:\/\/jovenesinvestigadores.org\/index.php\/category\/guias-y-recomendaciones\/\" target=\"_blank\" rel=\"noreferrer noopener\">Gu\u00edas y recomendaciones<\/a><\/strong><\/em>. Re\u00fane cortas pero importantes sobre el quehacer de la investigaci\u00f3n.<\/li>\n<\/ul>\n\n\n\n<ul class=\"wp-block-list\">\n<li><strong><em><a href=\"https:\/\/jovenesinvestigadores.org\/index.php\/category\/creacion\/\" target=\"_blank\" rel=\"noreferrer noopener\">Creaci\u00f3n<\/a><\/em><\/strong>. Corresponde a trabajos de naturaleza literaria o art\u00edstica que los equipos han elegido compartir con la comunidad. <br><\/li>\n\n\n\n<li><strong><a href=\"https:\/\/jovenesinvestigadores.org\/index.php\/category\/anuncios\/\" target=\"_blank\" rel=\"noreferrer noopener\"><em>Anuncios<\/em>.<\/a><\/strong> Re\u00fane las actividades, eventos y convocatorias relacionados con la investigaci\u00f3n, que pueden resultar de inter\u00e9s para la comunidad en general.<br><\/li>\n\n\n\n<li><em><strong><a href=\"https:\/\/jovenesinvestigadores.org\/index.php\/directorio-de-investigadores-e-instituciones\/\" target=\"_blank\" rel=\"noreferrer noopener\">Directorio de investigadores e instituciones<\/a><\/strong><\/em>. Base de datos de personas, grupos de investigaci\u00f3n, espacios para el fomento de la investigaci\u00f3n y sitios con herramientas para la creaci\u00f3n y transformaci\u00f3n del conocimiento. <\/li>\n<\/ul>\n\n\n\n<p>Los invitamos a conocer un poco m\u00e1s sobre nosotros y conocer sus opiniones. <\/p>\n\n\n\n<div class=\"wp-block-buttons is-layout-flex wp-block-buttons-is-layout-flex\">\n<div class=\"wp-block-button is-style-outline is-style-outline--1\"><a class=\"wp-block-button__link wp-element-button\" href=\"https:\/\/jovenesinvestigadores.org\/index.php\/quienes-somos\/\" target=\"_blank\" rel=\"\/default-content\/?p=4 noopener\"><strong>\u00bfQui\u00e9nes somos?<\/strong><\/a><\/div>\n\n\n\n<div class=\"wp-block-button is-style-outline is-style-outline--2\"><a class=\"wp-block-button__link wp-element-button\" href=\"https:\/\/jovenesinvestigadores.org\/index.php\/contacto\/\" target=\"_blank\" rel=\"\/default-content\/?p=4 noopener\"><strong>Contacto<\/strong><\/a><\/div>\n\n\n\n<div class=\"wp-block-button is-style-outline is-style-outline--3\"><a class=\"wp-block-button__link wp-element-button\" href=\"https:\/\/jovenesinvestigadores.org\/index.php\/privacy-policy-2\/\" target=\"_blank\" rel=\"\/default-content\/?p=4 noopener\"><strong>Pol\u00edtica de privacidad<\/strong><\/a><\/div>\n<\/div>\n\n\n\n<hr class=\"wp-block-separator has-alpha-channel-opacity\"\/>\n\n\n\n<figure class=\"wp-block-image size-full\"><img loading=\"lazy\" decoding=\"async\" width=\"1024\" height=\"1024\" src=\"https:\/\/jovenesinvestigadores.org\/wp-content\/uploads\/2024\/10\/DALL\u00b7E-2024-10-17-10.04.48-A-realistic-representation-of-a-team-working-together-symbolizing-the-harmonious-integration-of-science-and-art.-The-scene-shows-a-diverse-group-of-p.webp\" alt=\"\" class=\"wp-image-621\" srcset=\"https:\/\/jovenesinvestigadores.org\/wp-content\/uploads\/2024\/10\/DALL\u00b7E-2024-10-17-10.04.48-A-realistic-representation-of-a-team-working-together-symbolizing-the-harmonious-integration-of-science-and-art.-The-scene-shows-a-diverse-group-of-p.webp 1024w, https:\/\/jovenesinvestigadores.org\/wp-content\/uploads\/2024\/10\/DALL\u00b7E-2024-10-17-10.04.48-A-realistic-representation-of-a-team-working-together-symbolizing-the-harmonious-integration-of-science-and-art.-The-scene-shows-a-diverse-group-of-p-300x300.webp 300w, https:\/\/jovenesinvestigadores.org\/wp-content\/uploads\/2024\/10\/DALL\u00b7E-2024-10-17-10.04.48-A-realistic-representation-of-a-team-working-together-symbolizing-the-harmonious-integration-of-science-and-art.-The-scene-shows-a-diverse-group-of-p-150x150.webp 150w, https:\/\/jovenesinvestigadores.org\/wp-content\/uploads\/2024\/10\/DALL\u00b7E-2024-10-17-10.04.48-A-realistic-representation-of-a-team-working-together-symbolizing-the-harmonious-integration-of-science-and-art.-The-scene-shows-a-diverse-group-of-p-768x768.webp 768w\" sizes=\"auto, (max-width: 1024px) 100vw, 1024px\" \/><\/figure>\n\n\n\n<p><\/p>\n","protected":false},"excerpt":{"rendered":"<p>Presentaci\u00f3n Es un honor presentarles el Programa de J\u00f3venes Investigadores, una iniciativa impulsada por acad\u00e9micos&#8230;<\/p>\n","protected":false},"author":1,"featured_media":0,"parent":0,"menu_order":0,"comment_status":"closed","ping_status":"closed","template":"","meta":{"rop_custom_images_group":[],"rop_custom_messages_group":[],"rop_publish_now":"initial","rop_publish_now_accounts":{"facebook_9001523176567281_422463201840075":""},"rop_publish_now_history":[],"rop_publish_now_status":"pending","footnotes":""},"class_list":["post-8","page","type-page","status-publish","hentry"],"jetpack_sharing_enabled":true,"_links":{"self":[{"href":"https:\/\/jovenesinvestigadores.org\/index.php\/wp-json\/wp\/v2\/pages\/8","targetHints":{"allow":["GET"]}}],"collection":[{"href":"https:\/\/jovenesinvestigadores.org\/index.php\/wp-json\/wp\/v2\/pages"}],"about":[{"href":"https:\/\/jovenesinvestigadores.org\/index.php\/wp-json\/wp\/v2\/types\/page"}],"author":[{"embeddable":true,"href":"https:\/\/jovenesinvestigadores.org\/index.php\/wp-json\/wp\/v2\/users\/1"}],"replies":[{"embeddable":true,"href":"https:\/\/jovenesinvestigadores.org\/index.php\/wp-json\/wp\/v2\/comments?post=8"}],"version-history":[{"count":23,"href":"https:\/\/jovenesinvestigadores.org\/index.php\/wp-json\/wp\/v2\/pages\/8\/revisions"}],"predecessor-version":[{"id":885,"href":"https:\/\/jovenesinvestigadores.org\/index.php\/wp-json\/wp\/v2\/pages\/8\/revisions\/885"}],"wp:attachment":[{"href":"https:\/\/jovenesinvestigadores.org\/index.php\/wp-json\/wp\/v2\/media?parent=8"}],"curies":[{"name":"wp","href":"https:\/\/api.w.org\/{rel}","templated":true}]}}